= -4*s**2 - 2*s + 1. Give w(q).
-5
Let f(c) = 5*c**3 - 13*c**2 + 12*c + 6. Let z(q) = 2*q**3 - 6*q**2 + 6*q + 3. Let o(x) = -3*f(x) + 7*z(x). Calculate o(-4).
-5
Let f(m) be the second derivative of 1/12*m**4 + 0 - 5/2*m**2 + 7/6*m**3 + 4*m. Give f(-8).
3
Let x(z) be the second derivative of -z**5/20 - 5*z**4/12 - 5*z**3/6 - z**2 - 7*z. Let v = -5 - -1. What is x(v)?
2
Let w(b) = b**3 - 3*b**2 - 4*b - 3. Suppose -12*j + 7*j = -20. What is w(j)?
-3
Let p = -11 - -8. Let o(s) = 13*s**2 - 26*s - 6. Let n(u) = -5*u**2 + 9*u + 2. Let j(k) = 8*n(k) + 3*o(k). Give j(p).
7
Let k(u) be the first derivative of u**3/3 + u**2/2 - u + 4. Let i be (-2 + 4 + -2)/(4 + -3). Calculate k(i).
-1
Let t(a) = -2*a + 2. Let g be t(-2). Suppose -q + g = 2*q. Let d(m) = -2*m - 1 + 4*m**q + 10*m**3 - 3 - 11*m**3. Determine d(3).
-1
Suppose 0 = w - l - 2, 7*l - 24 = -5*w + 5*l. Let m(x) = -x**3 + 4*x**2 - 2. Calculate m(w).
-2
Let w(m) = -13 - 3*m + 4*m + 0. Let h = -15 - -21. Determine w(h).
-7
Let f(i) be the second derivative of i**5/20 - i**4/6 - 5*i**3/6 + 2*i**2 + 57*i. Suppose 15 = y + 4*y. What is f(y)?
-2
Let d(k) be the third derivative of k**5/60 + k**4/24 + k**3/6 - 6*k**2. Calculate d(-2).
3
Suppose -4*r = 3*g - 1 + 14, 0 = 2*r + 4*g + 14. Let d(n) be the third derivative of n**5/12 - n**2. Give d(r).
5
Let w(b) = b**3 - 6*b**2 - 6*b - 8. Let x be w(7). Let u(s) = 9*s**2 + 1. Give u(x).
10
Let m(z) be the first derivative of -z**4/4 - 4*z**3/3 - z**2/2 + 3*z + 2. Determine m(-4).
7
Let u(n) be the first derivative of n**2/2 + 6*n + 3. Suppose -2 = -k - 4*l - 0, 0 = 3*k + 2*l - 6. Let d = k - 7. Determine u(d).
1
Let b(p) = -p. Let t = 42 - 37. Give b(t).
-5
Let i(m) = 3*m + 8. Let c(z) = 5*z + 12. Let p be 4/10 - 114/(-15). Let y be 22/(-4) + (-2)/(-4). Let d(n) = p*i(n) + y*c(n). Give d(0).
4
Let a = -4 - 0. Let w(o) = o**3 + 4*o**2 - 3*o + 5. Calculate w(a).
17
Let j(p) = -p - 11. Let b be -2 + 2/(6/15). Suppose b*d = d. Let i = d - 5. What is j(i)?
-6
Let y(o) = -o**3 - o. Let d(x) = -3*x**3 + 9*x**2 + 12*x - 13. Let a(m) = d(m) - 2*y(m). Determine a(10).
27
Let i(x) = -2*x**3 - 2. Let k be 15/(-10)*2 - -1. What is i(k)?
14
Let b be -2 - 4/((-2)/(-1)). Let g(k) be the second derivative of -k**3/6 + k**2/2 - 2*k. Give g(b).
5
Let n(r) = 2*r**2 - 6*r**2 + r + 3 + r - r**3. Suppose 5 = -4*q - 11. Calculate n(q).
-5
Let p(t) = -t**2 + t + 3. Suppose 2*l - 11 = 3. Suppose l*c = 2*c. Calculate p(c).
3
Let i(k) = -13*k**3 - 2*k**2 + 1. Let y be 7 + -1 + 1/(-1). Suppose -2*g + y*l = -7*g - 15, -g + 17 = -4*l. Determine i(g).
-14
Let f(j) = j**3 + j**2 - j + 9. Suppose u - 60 = -2*u. Suppose 0 = -2*o + 5*o + 4*w - u, 3*w = o + 15. Calculate f(o).
9
Let u(z) be the first derivative of -z**4/12 - z**3 - 3*z**2/2 + 6*z + 3. Let r(c) be the first derivative of u(c). Give r(-2).
5
Let q(z) = 3*z - 5. Let m = 17 - 12. Suppose m*o - 4*l = 2*o + 58, 4*o - 90 = -l. Suppose 2*g = -g + 2*u + o, -2*u + 6 = 4*g. Calculate q(g).
7
Let c(k) = -k**3 - 6*k**2 + 8*k. Let y be c(-7). Let x(g) = g**3 + 6*g**2 - 5*g + 10. What is x(y)?
-4
Let c(j) be the second derivative of -j**4/12 + j**3 - 5*j. Give c(7).
-7
Let w be 0/(1 + 1) - -2. Suppose 4*h - 20 = -w*n, -5*h - 7 = -10*h + 2*n. Suppose 0*f + 2*u + 14 = h*f, -5*f = 3*u + 2. Let d(p) = -p**2 + 2*p - 3. Give d(f).
-3
Let i(m) = 5*m + 0 - 8 - 3*m. Let d be i(5). Let z(t) = t**2 - 2*t. Calculate z(d).
0
Let n = 3 - 1. Suppose 5*b + 20 = -0*b. Let d be ((-1)/n)/(2/b). Let z(h) = 3*h**2 - h + 1. Calculate z(d).
3
Let y(z) = z + 1. Suppose 0 = 4*c - 5*v, 9 = -5*c + 5*v + 4. Calculate y(c).
-4
Let r(a) = -7*a**3 + 2*a**2 + a. Suppose -2*z + 8 = 10. Determine r(z).
8
Let u(j) = -2*j - 4. Let n(q) = 2*q + 5. Let p(x) = 2*n(x) + 3*u(x). Give p(-3).
4
Let z(v) be the second derivative of -v**4/12 - 2*v**3/3 - 4*v. Suppose -3*i + 11 = 29. Let g be (i/(-4))/((-1)/2). Determine z(g).
3
Let i(c) = 2*c**3 + 4*c**2 + 7*c - 1. Let r(w) = w**3 + w**2 + w - 1. Let z(g) = -i(g) + 4*r(g). Give z(-2).
-13
Let b(t) = -t**2 - 6*t - 7. Suppose -2*i + 3*i + 12 = -2*u, 2*u + 5*i = -12. Determine b(u).
-7
Let o(g) = 0*g + g**2 + 1 - 2*g - 4 + 1. Let a be 2 + -3 - (-7 - 1). Suppose 0 = -2*c + 2*l, -l + 8 = -a*c + 2*c. Give o(c).
6
Let l(n) = n**3 - 6*n**2 + 5*n + 4. Suppose -k = 3*w + 4, 2*k - 5 = 3*w - 4. Let x be (2 + w)/((-1)/(-2)). Suppose 25 = 3*b + x*b. Determine l(b).
4
Let p be 45/12 + (-15)/20. Let z(b) = -p*b + 9*b - 4*b. Calculate z(3).
6
Let s(i) = -9*i + 2 - 11*i + 19*i. What is s(3)?
-1
Let k(j) = -j - 4. Suppose 5*w - 3*w = -n - 11, -3*n - 19 = -w. Let f be k(n). Let v(m) = -m**3 + 3*m**2 - 3. Determine v(f).
-3
Suppose -4*a + 2*a + 2 = 0. Let m(k) = k**2 - 1. Let g(l) = 12*l**2 - l - 4. Let n(z) = -g(z) + 5*m(z). Calculate n(a).
-7
Let j(t) be the first derivative of t**3/3 + 3*t**2/2 + 8. What is j(-3)?
0
Suppose -3*d + 61 = -11. Let q(j) = -d + 17 + 3*j - 2*j. Let z(u) = -u**3 - u**2 + 3*u - 4. Let h be z(-3). What is q(h)?
-2
Suppose -387 + 123 = -3*i. Suppose -5*k + 6*q - 32 = 3*q, -4*k = 2*q + 8. Let l be i/(-32) + (-3)/k. Let t(a) = -a. Give t(l).
2
Let s be 0 + 0/(-1 - 2). Let g = s - -2. Let y(r) = -2*r**2 - r**2 + g*r**2 - r. Calculate y(-2).
-2
Let z(w) = -4 - 2*w**2 + w**2 + 0 + 2*w**2. Calculate z(0).
-4
Let m(r) = -3*r + 12 - 8 + r. Let d(n) = -3*n + 3. Let g(v) = 5*d(v) - 4*m(v). Calculate g(-1).
6
Let s(a) = -2*a**2 - 4*a + 7. Let h(x) be the third derivative of x**5/12 + 7*x**4/24 - 13*x**3/6 - x**2. Let u(n) = 6*h(n) + 11*s(n). Calculate u(-1).
9
Let s = -4 + -1. Let m = s - -8. Let p(t) = -3*t + t**3 + 0*t**3 + 0*t**2 - 3*t**2 + 4. Determine p(m).
-5
Let v be (-38)/(-9) + 4/(-18). Let g(h) = -2*h**3 + 4*h + 3*h**3 - v*h - 4*h**2 - 4 - h. Let q(t) = -t**2 + 6*t - 4. Let x be q(4). Give g(x).
-8
Let x(t) = -4*t**3 + 7*t**2 - t + 3. Let y(g) = 7*g**3 - 13*g**2 + g - 5. Let q(c) = 5*x(c) + 3*y(c). Determine q(4).
-8
Let f(l) = -l**2 - 8*l - 10. Let y(t) = -3*t**2 - 23*t - 29. Let n = -17 + 11. Let m(x) = n*y(x) + 17*f(x). What is m(-3)?
7
Let p be 184/12 + 1/(-3). Let r = 21 - p. Let l(j) = -j**2 + 8*j - 4. Determine l(r).
8
Let q be 2/(0 - -1 - -1). Let p(y) = -y**3 + 2*y**2 - 1. Give p(q).
0
Let b(j) = 3*j**2 - 1 + 0 + 3*j - 2*j**2. Let h(p) = -p**3 - 10*p**2 + 11*p - 3. Let a be h(-11). What is b(a)?
-1
Let b(z) = 7*z + 1. Let m be b(2). Let q = -14 + m. Let y(c) = 2*c**2 - 1. Give y(q).
1
Let b(v) = -2*v + 5. Let f be 42/(-24)*(-4)/1. Let j = 5 - f. Let y be -1*(j + -3) - -1. Give b(y).
-7
Let u(m) = m**3 + 3*m**2 + 5. Let j be u(-3). Let v(b) = -2*b**2 - 2 + b**2 + 5*b + 0. Calculate v(j).
-2
Let c(o) = -o**3 + 12*o**2 - 22*o**2 - 6 + o + 11*o**2. Calculate c(0).
-6
Let l(a) be the third derivative of -a**6/120 + a**5/30 + a**3/3 + 4*a**2. Let f be 1 + (0 - 1 - -1). Suppose f + 3 = 2*j. Determine l(j).
2
Let c(a) = 104*a + 4 + a**2 - 2*a**2 - 104*a. Suppose 0 = -3*q - 5*w + 9, 0*q - 3*q + 9 = -2*w. Calculate c(q).
-5
Let f(g) be the second derivative of g**4/12 - g**3/6 + g**2/2 + 2*g. Let t be f(1). Let l(q) = 7*q**2 - q. What is l(t)?
6
Let j = 4 + -4. Suppose j = 3*n - 6*n. Let z(s) = -5*s + n*s - 10 + 6*s - 2. What is z(0)?
-12
Let d = 1 + 3. Suppose 0*z + 4*z - i = 23, 26 = 4*z + 2*i. Let g(s) = 2*s**3 + 5*s + 3*s**3 + 3*s**2 - z*s**3. Determine g(d).
4
Let v(h) be the second derivative of -h**5/120 - h**4/24 - h**3/6 - 3*h. Let r(g) be the second derivative of v(g). Determine r(2).
-3
Suppose 0 = 6*j - 3*j + 9. Suppose -6 = 2*t - 2*u, -1 = 5*t - 2*t - u. Let n(v) = -v - 1 - 1 + t + 2*v. Give n(j).
-4
Let r(y) = y**3 + 4*y**2 - 3*y - 6. Let g be 2/4 - (-72)/(-16). What is r(g)?
6
Let c(v) = 13*v - 11. Suppose 0 = 2*s + 28 - 6. Let u(h) = -7*h + 6. Let r(p) = s*u(p) - 6*c(p). Calculate r(1).
-1
Let a(g) = g + 2. Let w(j) = 3*j - 4. Let r be w(6). Suppose 2 = 2*l + r. Calculate a(l).
-4
Suppose -2*f - 134 = 4*i, 4*i - 3*i + 47 = 4*f. Let v be (i/28)/((-1)/4). Let s(m) = m**2 - 5*m + 1. What is s(v)?
1
Let r(q) = 30 + 0*q + 2*q - 15 - 11. What is r(4)?
12
Let y(p) = -p**3 + 3*p**2 + 4*p + 1. Let w(u) be the second derivative of 0 + 2*u**2 - 1/2*u**4 + 1/20*u**5 + 0*u**3 - 4*u. Let j be w(6). Determine y(j).
1
Let f(q) = -q**3 + 6*q**2 + 9*q - 9. Let v be (-26)/221 + 242/34. Give f(v).
5
Suppose 66*t = 62*t + 20. Let s(